alculate the remainder when o is divided by 45.
41
Calculate the remainder when 143 is divided by 4 - -1 - (-4 - 7).
15
Suppose d = -b + 3, b - d - 6 = -b. Suppose 3*g - 39 = -b*f, -g + 69 = f + 4*f. What is the remainder when 54 is divided by f?
12
Let g(l) = 3*l**2 - 2*l**2 + 3 - 12 - l. Calculate the remainder when g(-4) is divided by 5.
1
Let a = 904 + -818. What is the remainder when a is divided by 22?
20
Let f(x) = x**3 - 19*x**2 - 14*x - 49. What is the remainder when f(20) is divided by 19?
14
Suppose 49*i - 53*i = -28. Let n = -1 + 1. Suppose -5*g + 65 + 60 = n. What is the remainder when g is divided by i?
4
Let q be ((-10)/40)/((-183)/(-92) - 2). Suppose -q*l = -26*l + 27. Calculate the remainder when 24 is divided by l.
6
Calculate the remainder when (-6)/(-48) - (-6)/(144/3189) is divided by (-1)/5 - 452/(-10).
43
Let u = 10 - -3. Let o = 19 - u. Suppose 0 = 2*x - 20 + 2. Calculate the remainder when x is divided by o.
3
Let p(n) = n**3 - 12*n**2 + 20*n + 2. Calculate the remainder when 14 is divided by p(10).
0
Suppose 5*f - 930 = 5*h, 6*f - 3*f = -3*h + 564. Calculate the remainder when f is divided by 64.
59
Suppose -p - 2*k = -109, 2*p = -3*p + 5*k + 530. Calculate the remainder when p is divided by ((-20)/60)/(1/(-36)).
11
Let t(i) = i**3 + 10*i**2 - 3*i + 21. Calculate the remainder when t(-10) is divided by ((-6)/7)/(3/(-63)).
15
Let c(k) = -k**3 - 3*k**2 + 2*k + 10. Calculate the remainder when 94 is divided by c(0).
4
Let m = 54 - 28. Suppose 5*u = -2*h + 77, 1040 = -4*h + 2*u + 1230. Calculate the remainder when h is divided by m.
20
Let k = -219 + 238. What is the remainder when 84 is divided by k?
8
Let x(o) = 24*o - 365. Suppose 5 = m, -3*q - 3*m = 11 - 131. Calculate the remainder when q is divided by x(16).
16
Suppose k - 15 = -2*o, -3*o + 15 + 20 = -k. Calculate the remainder when 67 is divided by o.
7
Let q(t) = -t**3 + 4*t - 13. Let k be (6/(-7))/(3/(21 + 0)). Calculate the remainder when q(k) is divided by 13.
10
Let m(k) = 2*k**2 + 114*k - 69. What is the remainder when m(-58) is divided by 30?
17
Let u(m) = m - 17. What is the remainder when 47 is divided by u(33)?
15
Let x(a) = -a**3 - 9*a**2 - a + 24. Let v(r) = 2*r**3 + 19*r**2 + 3*r - 49. Let t(w) = 4*v(w) + 9*x(w). Calculate the remainder when 148 is divided by t(-6).
34
Let l(g) = -g. Let s = -10 + 15. Let h be l(s). Let y(x) = -x**3 - 6*x**2 - 6*x + 6. Calculate the remainder when 42 is divided by y(h).
9
Let i = 37 - 18. Let z = i + -16. What is the remainder when z/((-6)/(-4)) + 33 is divided by 18?
17
Let s be ((-157)/(-3))/(9/27) - -3. Calculate the remainder when 23 is divided by ((-3)/4)/((-30)/s).
3
Let w be -13 + -1 - 4/(-2). Let j = 5 - w. Suppose -4*p + 367 - 103 = 0. What is the remainder when p is divided by j?
15
Let x(r) be the third derivative of -r**5/30 - r**4/6 - r**3/2 - 3*r**2. Let m be x(-4). Calculate the remainder when (-5 + m)*4/(-3) is divided by 11.
10
Suppose -2491 = -21*v - 55. What is the remainder when v is divided by 20?
16
Let p(m) = 9*m + 1. Let x(f) = -f**2 - f + 9. Let d be x(0). Suppose -20 = -6*h + 64. What is the remainder when p(d) is divided by h?
12
Let m = -6 - -17. Let u = 7661 - 7649. What is the remainder when u is divided by m?
1
Let z be (-1)/(-2*(-2)/28). Let q = z + 12. What is the remainder when (5 - -79)/(-4)*(8/(-14))/1 is divided by q?
2
Suppose b - 3*b = -4*q + 20, 3*b - 10 = -2*q. Let z(i) = 3*i + 7. Calculate the remainder when 32 is divided by z(b).
4
Suppose 5*c - 2*l = -90 + 450, 0 = -3*c - 2*l + 232. Suppose c - 24 = 5*u. What is the remainder when 47 is divided by u?
7
Let h(o) = -8*o**2 - 1. Let v be h(1). Let d = 13 + v. Calculate the remainder when 19 is divided by (-2 - -1)*(d + -15).
8
What is the remainder when ((-10)/20)/((-4)/(-528)*-1) is divided by 28?
10
Let d(y) = -y**3 + 5*y**2 - 8*y + 9. Let x = -5 - -9. Let g be d(x). Calculate the remainder when 24 is divided by (-14 + g)*(-2)/6.
3
Suppose -2*l - 2*l = -p + 4, -4*l - 4 = 3*p. Suppose 3*f - 75 = -p*f. What is the remainder when 97 is divided by f?
22
Suppose -12*z + 187 + 221 = 0. What is the remainder when z is divided by (-28)/(-3) - (-2)/(-6)?
7
Suppose 27 = -n + 4*n. Suppose 0 = n*q - 4*q - 40. What is the remainder when 7 is divided by 4/6 + q/6?
1
Suppose -4*t + 65 = a, 70 = 2*a - 4*t - 0. What is the remainder when 403 is divided by a?
43
Let s(v) = -v**3 + 15*v**2 - 6*v + 47. Calculate the remainder when s(14) is divided by 49.
12
What is the remainder when -22 + 252 + (-7)/(-1) is divided by 4?
1
Suppose 47*c - 45*c = 270. Calculate the remainder when c is divided by 49.
37
Let x = 156 + -91. Calculate the remainder when x is divided by 31.
3
Let t(n) = n**3 + 11*n**2 + 20*n + 3. Let h = 52 - 60. What is the remainder when 207 is divided by t(h)?
32
Suppose 3*v - 5*c - 158 = 0, 0*v - 76 = -2*v - 4*c. What is the remainder when v is divided by (-91)/(-9) - (-78)/(-702)?
6
Let c(g) = -g**2 - 14*g - 40. What is the remainder when 93 is divided by c(-8)?
5
Let h be (-3)/(842/212 - 4). Suppose 7*j - 83 = h. Calculate the remainder when 51 is divided by j.
24
Let p(c) = 12*c + 27. Calculate the remainder when p(15) is divided by 15.
12
Let h be 1/(2/2) + 299. Suppose -h = -7*w - 8*w. Calculate the remainder when 158 is divided by w.
18
Calculate the remainder when 27/144 + (-83810)/(-160) is divided by 17.
14
Suppose -2*w - 3 + 13 = 0. Let q = 38 + w. What is the remainder when q is divided by 5?
3
Let m = 13 + -14. Suppose -v = -5*u + 1 - 3, 0 = v + 3*u - 34. What is the remainder when 3/m*(-13 + -1) is divided by v?
20
Let z(b) = -2*b**2 + 18*b - 4. Calculate the remainder when 21 - -1 - 1/(-1) is divided by z(8).
11
Let r be 3 - (-2 + 3) - -36. Let o = 46 - r. Calculate the remainder when 23 is divided by o.
7
Let g = 7 + 10. Suppose 3*s - 79 - 53 = 2*w, 2*w = 0. Let z = s + 22. Calculate the remainder when z is divided by g.
15
Suppose 14 - 42 = -4*y. Suppose -10 - y = -n. What is the remainder when 116 is divided by n?
14
Let r(x) = 3*x**2 + 12*x - 8. Let p be 116/14 - (-8)/(-28). Suppose 1 + p = a - 2*u, 56 = 4*a + 2*u. What is the remainder when r(-8) is divided by a?
10
Let k(t) = t**2 + 9*t - 13. Suppose 0 = 22*n + 167 + 75. Suppose 3*y = 3*z + z - 11, -2*z + 5*y - 5 = 0. What is the remainder when k(n) is divided by z?
4
Suppose 9*v = -160 + 43. Let w(t) = 2*t**3 + t**2 + t - 2. Let x be w(2). Let g = x + v. Calculate the remainder when g is divided by 3.
1
Let c(j) = -2*j**2 + 14*j - 8. Suppose x = -5*o + 79, o + 0*x + x = 15. Suppose 3*a + o - 154 = 0. Calculate the remainder when a is divided by c(5).
10
Let h = 100 + 0. Calculate the remainder when h is divided by 34.
32
Let g(x) = 5*x**3 + 0 + 4*x**2 - 3*x - 4*x**3 + 1 - 8. Calculate the remainder when 91 is divided by g(3).
44
Calculate the remainder when 7 + (-2 - (-37 + -3)) is divided by 6.
3
Calculate the remainder when (6 + -4)*67 + -6 is divided by 43.
42
Suppose l = -2*l. Let r be -3*((-6)/9 - l). Suppose 2*n = r + 12. What is the remainder when n is divided by 4?
3
Calculate the remainder when 1257 is divided by ((-36)/10)/(2/(-20)).
33
Let j(c) = -6*c + 35. Let m be j(5). Suppose 0*q - 4*f = m*q - 382, q + 2*f = 74. What is the remainder when q is divided by 21?
15
Let c = 11 + -17. Let r(t) = t**2 + 7*t + 13. Suppose 2*j = g + 3*j - 23, 5*g + 4*j = 117. What is the remainder when g is divided by r(c)?
4
Suppose -34 = 3*r + 11. Let c = 55 + r. What is the remainder when c is divided by (-65)/(-3) + 2/(-3)?
19
Let q = 118 + -89. Let u(d) be the second derivative of d**5/20 - d**4/2 - d**3 + 2*d**2 - d. What is the remainder when u(8) is divided by q?
26
Let i = -44 + 86. Suppose 0 = 2*h + 3*q - 24, -2*h + 10*q + 24 = 12*q. What is the remainder when i is divided by h?
6
Let f(l) = 9*l + 95. Let u(b) = 2*b + 19. Let m(q) = 4*f(q) - 22*u(q). Calculate the remainder when 17 is divided by m(-6).
7
Let t = 275 - 264. What is the remainder when t is divided by 2?
1
Let c = -15 + 18. Suppose 13 = a - 4*h, 3*a - 39 = 7*h - 8*h. Calculate the remainder when a is divided by c.
1
Let i = 2 - 12. Suppose 5*s - 194 = 4*g, -s + 2*g + g + 30 = 0. What is the remainder when s is divided by (-112)/i - 2/10?
9
Let y = 403 + -388. Calculate the remainder when 44 is